{"id":994,"date":"2013-11-27T14:59:02","date_gmt":"2013-11-27T12:59:02","guid":{"rendered":"http:\/\/indutech.com\/\/german\/?page_id=994"},"modified":"2018-10-26T08:43:20","modified_gmt":"2018-10-26T07:43:20","slug":"aktuelles","status":"publish","type":"page","link":"https:\/\/indutech.com\/german\/aktuelles\/","title":{"rendered":"Aktuelles"},"content":{"rendered":"<div class=\"row\">\n\t<div class=\"wpb_content_element span12 wpb_box_text whitestroke pb-margin-bottom\">\n\t\t<div class=\"wpb_wrapper\">\n\t\t\t<div class=\"heading-wrap\"><h3 class=\"wpb_heading wpb_text_heading\"><span>Aktuelles<\/span><\/h3><\/div>\n\t\t\t<div class=\"box-content-wrap\">\n<h3>Neu Entwicklung!<\/h3>\n<h3>PMD 2500 (patentiert)<\/h3>\n<p>Precision Microwave Device (patentiert)<\/p>\n<p>Verbesserte Langzeitstabilit\u00e4t und hohe Genauigkeit.<br \/>\nSpeziell f\u00fcr d\u00fcnne Materialschichten konzipiert.<br \/>\nAu\u00dfenanlagen sind m\u00f6glich: Schutzgeh\u00e4use IP 66 (PMD 2450 IP 65).<br \/>\nATEX f\u00fcr Zone 21 und 22 auf Anfrage.<\/p>\n<p><a class=\"read-more\" href=\"..\/..\/download_files\/PMD-2500_Internet-PDF_220615_en.pdf\">mehr<\/a><\/p>\n<p><span style=\"color: #c0c0c0;\">&#8212;&#8212;&#8212;&#8212;&#8212;&#8212;&#8212;&#8212;&#8212;&#8212;&#8212;&#8212;&#8212;&#8212;&#8212;&#8212;&#8212;&#8212;&#8212;&#8212;&#8212;&#8212;&#8212;&#8212;&#8212;&#8212;&#8212;&#8212;&#8212;&#8212;&#8212;&#8212;&#8212;&#8212;&#8212;&#8212;&#8212;&#8212;&#8212;&#8212;&#8212;&#8212;&#8212;&#8212;&#8212;&#8212;&#8212;&#8212;&#8212;&#8212;&#8212;&#8212;&#8212;&#8212;&#8212;&#8212;&#8212;&#8212;&#8212;&#8212;&#8212;&#8212;&#8212;&#8212;<\/span><\/p>\n<h3>Neu Entwicklung\u00a0eines speziellen pneumatischen Hebe-Lifting<\/h3>\n<p>Einige Installationsbedingungen machen die Wartungsarbeiten unm\u00f6glich, z.B. im Falle wenn das Messger\u00e4t befestigt ist oder das Messger\u00e4t von der Arbeitsposition f\u00fcr Wartungsarbeiten entfernt werden muss. Um die Wartung zu erleichtern haben wir ein spezielles pneumatisches Hebe -Lifting entwickelt. Dies erm\u00f6glicht, das OSB pneumatisch anzuheben. In der Serviceposition kann die Servicet\u00fcr ge\u00f6ffnet werden, um auf die X-ray R\u00f6ntgenstrahlr\u00f6hre und das Detektorsystem Zugriff zu erhalten. Dazu kann der OSB manuell um 90 Grad gedreht werden, um die Boden\u00f6ffnung f\u00fcr die X-ray R\u00f6ntgenstrahlr\u00f6hre zu pr\u00fcfen und zu reinigen, falls dies n\u00f6tig w\u00e4re. Zus\u00e4tzlich ist die Service-Position eine sichere Position, die im Falle anormalen Bedingungen, wie z.B. extrem starken Vibrationen , \u00dcberlastung auf dem Band, usw. ausgew\u00e4hlt werden k\u00f6nnen &#8230;<\/p>\n<p><a class=\"read-more\" href=\"http:\/\/indutech.com\/\/german\/oxea-online-xrf-analyzer-serie\/#videos\">Video ansehen<\/a><\/p>\n<p><span style=\"color: #c0c0c0;\">&#8212;&#8212;&#8212;&#8212;&#8212;&#8212;&#8212;&#8212;&#8212;&#8212;&#8212;&#8212;&#8212;&#8212;&#8212;&#8212;&#8212;&#8212;&#8212;&#8212;&#8212;&#8212;&#8212;&#8212;&#8212;&#8212;&#8212;&#8212;&#8212;&#8212;&#8212;&#8212;&#8212;&#8212;&#8212;&#8212;&#8212;&#8212;&#8212;&#8212;&#8212;&#8212;&#8212;&#8212;&#8212;&#8212;&#8212;&#8212;&#8212;&#8212;&#8212;&#8212;&#8212;&#8212;&#8212;&#8212;&#8212;&#8212;&#8212;&#8212;&#8212;&#8212;&#8212;&#8212;<\/span><\/p>\n<h3>EU Research Project \u201cDRAGON\u201d (FP7) &#8211; 30 8389 in 2012<\/h3>\n<p>Im Rahmen des EU &#8211; Forschungsprojekt \u201cDRAGON\u201d (FP7) \u2013 30 8389 in 2012 wurde das neue <strong>PMD 2500<\/strong> &#8211; Mikrowellen Feuchtemessger\u00e4t entwickelt. Ziel des Projektes war den Abraum effizient als Ressource zu nutzen, indem das Material direkt auf der TBM Tunnelbohrmaschine real time online analysiert und verwendbares Material nachgeschaltet aussortiert wird. Wir haben in diesem Forschungsprojekt das neue <strong>PMD 2500<\/strong> entwickelt zur Feuchtigkeitsmessung an einem Bypass mit einer Materialschicht von nur 20 mm. Die extrem hohe Genauigkeit und Langzeitstabilit\u00e4t des <strong>PMD 2500<\/strong> garantiert eine hohe zuverl\u00e4ssige Feuchtemessung. Weitere bemerkenswerte Eigenschaften &#8230;\u00a0<a class=\"read-more\" href=\"..\/german\/pmd-moisture-meter-serie\/#EU-project-pmd-2500\">mehr<\/a><\/p>\n<p>&nbsp;<\/p>\n<p>Im Rahmen des EU &#8211; Forschungsprojektes \u201cDRAGON\u201d (FP7) \u2013 30 8389 in 2012 wurde auch der Onine X-ray Elemental Analyzer <strong>OXEA<span class=\"copy\">\u00ae<\/span><\/strong> insbesondere bez\u00fcglich Nachweisgrenze und Genauigkeit niedrigerer Elemente bis hin zu Na erweitert. Somit wird die Ressourceneffizienz erh\u00f6ht und weniger Material zur Deponie gefahren, um die Umweltauswirkungen zu reduzieren, was von gro\u00dfem \u00f6konomischen und \u00f6kologischen Interesse ist.<br \/>\nDie nicht-nukleare, multi-patentierte Technologie des InduTech <strong>OXEA<span class=\"copy\">\u00ae<\/span><\/strong> ist eine Voraussetzung zur Installation auf einer TBM. Weitere bemerkenswerte Eigenschaften &#8230;\u00a0<a class=\"read-more\" href=\"..\/german\/oxea-online-xrf-analyzer-serie\/#EU-project-OXEA\">mehr<\/a><\/p>\n<\/div>\n\t\t<\/div> \n\t<\/div> <\/div>\n <div class=\"blank_spacer span12 \" style=\"height:90px;\"><\/div>\n <div class=\"row\">\n\t<div class=\"wpb_content_element span8 wpb_text_column\">\n\t\t<div class=\"wpb_wrapper clearfix\">\n\t\t\t<div class=\"heading-wrap\"><h3 class=\"wpb_heading wpb_text_heading\">Archive<\/h3><\/div>\n\t\t\t\n<p><span style=\"color: #333333;\"><strong>2018<\/strong>\u00a0&#8211; May 6.-9. &#8211;\u00a0<strong>CIM\u00a0<\/strong><\/span>Annual Convention 2018\u00a0Vancouver, BC\u00a0<span style=\"color: #333333;\">\/\u00a0<\/span>Kanada,\u00a0German Pavilion, Stand 1723<\/p>\n<p>Konferenz\u00a0&amp;amp; Messe<\/p>\n<p><span style=\"color: #999999;\">&#8212;&#8212;&#8212;&#8212;&#8212;&#8212;&#8212;&#8212;&#8212;&#8212;&#8212;&#8212;&#8212;&#8212;&#8212;&#8212;&#8212;&#8212;&#8212;&#8212;&#8212;&#8212;&#8212;&#8212;&#8212;&#8212;&#8212;&#8212;&#8212;&#8212;&#8212;&#8212;&#8212;&#8212;&#8212;&#8212;&#8212;&#8212;&#8212;&#8212;&#8212;&#8212;&#8212;&#8211;<\/span><\/p>\n<p><span style=\"color: #333333;\"><strong>2017<\/strong>\u00a0&#8211; November 13.-15. &#8211;\u00a0<strong>AFTES<\/strong>\u00a015.ter Internationaler Kongress<strong>\u00a0<\/strong>Paris \/ Frankreich<\/span><br \/>\n<span style=\"color: #333333;\">auf dem Stand\u00a0von GUINTOLI\u00a0und\u00a0NGE<\/span><\/p>\n<p><span style=\"color: #333333;\">mit\u00a0<strong>OXEA<span class=\"copy\">\u00ae<\/span><\/strong>\u00a0Online System und\u00a0<strong>PMD2500<\/strong>\u00a0System installiert auf einem Bypass Band,\u00a0zur Bestimmung der Elementarzusammensetzung des Aushubmaterials und Kontamination im Tunnelbau.<\/span><\/p>\n<p><span style=\"color: #999999;\">&#8212;&#8212;&#8212;&#8212;&#8212;&#8212;&#8212;&#8212;&#8212;&#8212;&#8212;&#8212;&#8212;&#8212;&#8212;&#8212;&#8212;&#8212;&#8212;&#8212;&#8212;&#8212;&#8212;&#8212;&#8212;&#8212;&#8212;&#8212;&#8212;&#8212;&#8212;&#8212;&#8212;&#8212;&#8212;&#8212;&#8212;&#8212;&#8212;&#8212;&#8212;&#8212;&#8212;&#8211;<\/span><\/p>\n<p><span style=\"color: #333333;\"><strong>2016<\/strong> &#8211; June\u00a028.-1. July &#8211;\u00a0International Coal Preparation 18th<b>\u00a0ICPC<\/b>\u00a0Kongress Petersburg \/ Russia<\/span><br \/>\n<span style=\"color: #333333;\">&#8211; Rapid Coal Analysis with the Online X-ray Elemental Analyzer\u00a0<b>OXEA<span class=\"copy\">\u00ae<\/span><\/b><\/span><\/p>\n<p><a class=\"read-more\" href=\"http:\/\/indutech.com\/download_files\/RapidCoalAnalysis-ICPC2016.pdf\">mehr<\/a><\/p>\n<p><span style=\"color: #999999;\">&#8212;&#8212;&#8212;&#8212;&#8212;&#8212;&#8212;&#8212;&#8212;&#8212;&#8212;&#8212;&#8212;&#8212;&#8212;&#8212;&#8212;&#8212;&#8212;&#8212;&#8212;&#8212;&#8212;&#8212;&#8212;&#8212;&#8212;&#8212;&#8212;&#8212;&#8212;&#8212;&#8212;&#8212;&#8212;&#8212;&#8212;&#8212;&#8212;&#8212;&#8212;&#8212;&#8212;&#8211;<\/span><\/p>\n<p><span style=\"color: #333333;\"><strong>2015<\/strong> \u2013\u00a0April 27.\u201329. &#8211; International Coal Preparation 21th <strong>ICPC<\/strong> Messe &amp; Konferenz, Lexington KY \/ USA<\/span><\/p>\n<p><span style=\"color: #c0c0c0;\">&#8212;&#8212;&#8212;&#8212;&#8212;&#8212;&#8212;&#8212;&#8212;&#8212;&#8212;&#8212;&#8212;&#8212;&#8212;&#8212;&#8212;&#8212;&#8212;&#8212;&#8212;&#8212;&#8212;&#8212;&#8212;&#8212;&#8212;&#8212;&#8212;&#8212;&#8212;&#8212;&#8212;&#8212;&#8212;&#8212;&#8212;&#8212;&#8212;&#8212;&#8212;&#8212;&#8212;&#8211;<\/span><\/p>\n<p><span style=\"color: #333333;\"><strong>2014<\/strong> \u2013 October 6.\u20139. \u2013 International Coal Conference <strong>PCC<\/strong> Pittsburgh PA \/ USA<\/span><br \/>\n<span style=\"color: #333333;\">\u2013 Case Study of an Improved Online Coal Analysis System<\/span><\/p>\n<p><a class=\"read-more\" href=\"http:\/\/indutech.com\/download_files\/PCC_09_15_14_Pittsburgh.pdf\">mehr<\/a><\/p>\n<p><span style=\"color: #c0c0c0;\">&#8212;&#8212;&#8212;&#8212;&#8212;&#8212;&#8212;&#8212;&#8212;&#8212;&#8212;&#8212;&#8212;&#8212;&#8212;&#8212;&#8212;&#8212;&#8212;&#8212;&#8212;&#8212;&#8212;&#8212;&#8212;&#8212;&#8212;&#8212;&#8212;&#8212;&#8212;&#8212;&#8212;&#8212;&#8212;&#8212;&#8212;&#8212;&#8212;&#8212;&#8212;&#8212;&#8212;&#8211;<\/span><\/p>\n<p><span style=\"color: #333333;\"><strong>2013<\/strong> \u2013 October 1.-6. \u2013 International Coal Preparation 17th <strong>ICPC<\/strong> Kongress &amp; Messe\u00a0Istanbul \/ Turkey<\/span><br \/>\n<span style=\"color: #000000;\"><span style=\"color: #333333;\">\u2013\u00a0An Improved Concept for Online Coal Analysis<\/span><br \/>\n<\/span><\/p>\n<p><a class=\"read-more\" href=\"http:\/\/indutech.com\/download_files\/130328-5-ImprovedconeptforOnlineCoalAnalysis.pdf\">mehr<\/a><\/p>\n<p><span style=\"color: #c0c0c0;\">&#8212;&#8212;&#8212;&#8212;&#8212;&#8212;&#8212;&#8212;&#8212;&#8212;&#8212;&#8212;&#8212;&#8212;&#8212;&#8212;&#8212;&#8212;&#8212;&#8212;&#8212;&#8212;&#8212;&#8212;&#8212;&#8212;&#8212;&#8212;&#8212;&#8212;&#8212;&#8212;&#8212;&#8212;&#8212;&#8212;&#8212;&#8212;&#8212;&#8212;&#8212;&#8212;&#8212;&#8211;<\/span><\/p>\n<p><span style=\"color: #333333;\"><strong>2012<\/strong> \u2013 International Coal Preparation 18th <strong>ICPC<\/strong> Lexington KY \/ USA<\/span><\/p>\n<p><span style=\"color: #c0c0c0;\">&#8212;&#8212;&#8212;&#8212;&#8212;&#8212;&#8212;&#8212;&#8212;&#8212;&#8212;&#8212;&#8212;&#8212;&#8212;&#8212;&#8212;&#8212;&#8212;&#8212;&#8212;&#8212;&#8212;&#8212;&#8212;&#8212;&#8212;&#8212;&#8212;&#8212;&#8212;&#8212;&#8212;&#8212;&#8212;&#8212;&#8212;&#8212;&#8212;&#8212;&#8212;&#8212;&#8212;&#8211;<\/span><\/p>\n<p><span style=\"color: #333333;\"><strong>2011<\/strong> \u2013 International Coal Preparation 17th <strong>ICPC<\/strong> Lexington KY \/ USA, Stand 2017<\/span><\/p>\n<p><span style=\"color: #c0c0c0;\">&#8212;&#8212;&#8212;&#8212;&#8212;&#8212;&#8212;&#8212;&#8212;&#8212;&#8212;&#8212;&#8212;&#8212;&#8212;&#8212;&#8212;&#8212;&#8212;&#8212;&#8212;&#8212;&#8212;&#8212;&#8212;&#8212;&#8212;&#8212;&#8212;&#8212;&#8212;&#8212;&#8212;&#8212;&#8212;&#8212;&#8212;&#8212;&#8212;&#8212;&#8212;&#8212;&#8212;&#8211;<\/span><\/p>\n<p><span style=\"color: #333333;\"><strong>2010<\/strong> \u2013 PAPER International Coal Preparation 16th <strong>ICPC<\/strong> Lexington KY \/ USA \u2013 with a particle size up to 50 mm<\/span><br \/>\n<span style=\"color: #333333;\">\u2013\u00a0Online X-ray Elemental Analysis of Coal with Particle Size of up to 50 mm<\/span><\/p>\n<p><a class=\"read-more\" href=\"http:\/\/indutech.com\/download_files\/PAPER-16th_ICPC_Lexington_2010_US-with_a_particle_size_up_to_50mm-Klein-091226.pdf\">mehr<\/a><\/p>\n<p><span style=\"color: #c0c0c0;\">&#8212;&#8212;&#8212;&#8212;&#8212;&#8212;&#8212;&#8212;&#8212;&#8212;&#8212;&#8212;&#8212;&#8212;&#8212;&#8212;&#8212;&#8212;&#8212;&#8212;&#8212;&#8212;&#8212;&#8212;&#8212;&#8212;&#8212;&#8212;&#8212;&#8212;&#8212;&#8212;&#8212;&#8212;&#8212;&#8212;&#8212;&#8212;&#8212;&#8212;&#8212;&#8212;&#8212;&#8211;<\/span><\/p>\n<p><span style=\"color: #333333;\"><strong>2010<\/strong> \u2013 January 9.-12. &#8211; <strong>Aab Lab Expo<\/strong>, Dubai \/ United Arab Emirates,\u00a0Halle No. 6, Stand No. 217<\/span><\/p>\n<p><span style=\"color: #c0c0c0;\">&#8212;&#8212;&#8212;&#8212;&#8212;&#8212;&#8212;&#8212;&#8212;&#8212;&#8212;&#8212;&#8212;&#8212;&#8212;&#8212;&#8212;&#8212;&#8212;&#8212;&#8212;&#8212;&#8212;&#8212;&#8212;&#8212;&#8212;&#8212;&#8212;&#8212;&#8212;&#8212;&#8212;&#8212;&#8212;&#8212;&#8212;&#8212;&#8212;&#8212;&#8212;&#8212;&#8212;&#8211;<\/span><\/p>\n<p><span style=\"color: #333333;\"><strong>2009<\/strong> \u2013 April 28.-30. &#8211; International Coal Preparation 14th <strong>ICPC<\/strong> Lexington KY \/ USA<\/span><\/p>\n<p><span style=\"color: #c0c0c0;\">&#8212;&#8212;&#8212;&#8212;&#8212;&#8212;&#8212;&#8212;&#8212;&#8212;&#8212;&#8212;&#8212;&#8212;&#8212;&#8212;&#8212;&#8212;&#8212;&#8212;&#8212;&#8212;&#8212;&#8212;&#8212;&#8212;&#8212;&#8212;&#8212;&#8212;&#8212;&#8212;&#8212;&#8212;&#8212;&#8212;&#8212;&#8212;&#8212;&#8212;&#8212;&#8212;&#8212;&#8211;<\/span><\/p>\n<p><span style=\"color: #333333;\"><strong>2009<\/strong> \u2013 May 12.-14. &#8211; <strong>Electric Power<\/strong> Chicago \/ USA<\/span><\/p>\n<p><span style=\"color: #c0c0c0;\">&#8212;&#8212;&#8212;&#8212;&#8212;&#8212;&#8212;&#8212;&#8212;&#8212;&#8212;&#8212;&#8212;&#8212;&#8212;&#8212;&#8212;&#8212;&#8212;&#8212;&#8212;&#8212;&#8212;&#8212;&#8212;&#8212;&#8212;&#8212;&#8212;&#8212;&#8212;&#8212;&#8212;&#8212;&#8212;&#8212;&#8212;&#8212;&#8212;&#8212;&#8212;&#8212;&#8212;&#8211;<\/span><\/p>\n<p><span style=\"color: #333333;\"><strong>2008<\/strong> \u2013 PAPER <strong>Electra Mining<\/strong> Johannesburg ZA \u2013 Bulky Material<\/span><br \/>\n<span style=\"color: #333333;\">\u2013\u00a0Online X-ray Elemental Analysis of Ore and Other Bulky Materials<\/span><\/p>\n<p><a class=\"read-more\" href=\"http:\/\/indutech.com\/download_files\/PAPER-Electra_Mining_2008_ZA-Bulky_Material.pdf\">mehr<\/a><\/p>\n<p><span style=\"color: #c0c0c0;\">&#8212;&#8212;&#8212;&#8212;&#8212;&#8212;&#8212;&#8212;&#8212;&#8212;&#8212;&#8212;&#8212;&#8212;&#8212;&#8212;&#8212;&#8212;&#8212;&#8212;&#8212;&#8212;&#8212;&#8212;&#8212;&#8212;&#8212;&#8212;&#8212;&#8212;&#8212;&#8212;&#8212;&#8212;&#8212;&#8212;&#8212;&#8212;&#8212;&#8212;&#8212;&#8212;&#8212;&#8211;<\/span><\/p>\n<p><span style=\"color: #333333;\"><strong>2008<\/strong> \u2013 PAPER <strong>Electra Mining<\/strong> Johannesburg ZA \u2013 Volatiles Ash Sulphur Colarific Value<\/span><br \/>\n<span style=\"color: #333333;\">\u2013\u00a0Online X-ray Elemental Analysis of Coal to Determine Ash, Sulphur, Calorific Value and Volatiles<\/span><\/p>\n<p><a class=\"read-more\" href=\"http:\/\/indutech.com\/download_files\/PAPER-Electra_Mining_2008_ZA-Volatiles_Ash_Sulphur_Colarific_Value.pdf\">mehr<\/a><\/p>\n<p><span style=\"color: #c0c0c0;\">&#8212;&#8212;&#8212;&#8212;&#8212;&#8212;&#8212;&#8212;&#8212;&#8212;&#8212;&#8212;&#8212;&#8212;&#8212;&#8212;&#8212;&#8212;&#8212;&#8212;&#8212;&#8212;&#8212;&#8212;&#8212;&#8212;&#8212;&#8212;&#8212;&#8212;&#8212;&#8212;&#8212;&#8212;&#8212;&#8212;&#8212;&#8212;&#8212;&#8212;&#8212;&#8212;&#8212;&#8211;<\/span><\/p>\n<p><span style=\"color: #333333;\"><strong>2008<\/strong> \u2013 PAPER\u00a0<strong>IME<\/strong> Kolkata \/ Indien \u2013 Coal and Bulky Materials<\/span><br \/>\n<span style=\"color: #333333;\">\u2013 Online X-ray Elemental Analysis of Coal and Other Bulky Minerals<\/span><\/p>\n<p><a class=\"read-more\" href=\"http:\/\/indutech.com\/download_files\/Online-Analysis_PAPER_IME_2008.pdf\">mehr<\/a><\/p>\n<p><span style=\"color: #c0c0c0;\">&#8212;&#8212;&#8212;&#8212;&#8212;&#8212;&#8212;&#8212;&#8212;&#8212;&#8212;&#8212;&#8212;&#8212;&#8212;&#8212;&#8212;&#8212;&#8212;&#8212;&#8212;&#8212;&#8212;&#8212;&#8212;&#8212;&#8212;&#8212;&#8212;&#8212;&#8212;&#8212;&#8212;&#8212;&#8212;&#8212;&#8212;&#8212;&#8212;&#8212;&#8212;&#8212;&#8212;&#8211;<\/span><\/p>\n<p><span style=\"color: #333333;\"><strong>2007<\/strong> \u2013 Coal Preparation 12th <strong>ICPC<\/strong> Lexington KY \/ USA, Stand 1129<\/span><\/p>\n<p><span style=\"color: #c0c0c0;\">&#8212;&#8212;&#8212;&#8212;&#8212;&#8212;&#8212;&#8212;&#8212;&#8212;&#8212;&#8212;&#8212;&#8212;&#8212;&#8212;&#8212;&#8212;&#8212;&#8212;&#8212;&#8212;&#8212;&#8212;&#8212;&#8212;&#8212;&#8212;&#8212;&#8212;&#8212;&#8212;&#8212;&#8212;&#8212;&#8212;&#8212;&#8212;&#8212;&#8212;&#8212;&#8212;&#8212;&#8211;<\/span><\/p>\n\n\t\t<\/div> \n\t<\/div> <\/div>\n\n","protected":false},"excerpt":{"rendered":"","protected":false},"author":1,"featured_media":0,"parent":0,"menu_order":0,"comment_status":"open","ping_status":"open","template":"","meta":[],"yoast_head":"<!-- This site is optimized with the Yoast SEO plugin v15.2 - https:\/\/yoast.com\/wordpress\/plugins\/seo\/ -->\n<title>Aktuelles - Indutech GmbH<\/title>\n<meta name=\"description\" content=\"Aktuelle Neuigkeiten, Messedaten, Kongresse und Konferenzen mit PDF download, Veranstaltungen und neue Publikationen sowie ein Archive der Veranstaltungen.\" \/>\n<meta name=\"robots\" content=\"index, follow, max-snippet:-1, max-image-preview:large, max-video-preview:-1\" \/>\n<link rel=\"canonical\" href=\"https:\/\/indutech.com\/german\/aktuelles\/\" \/>\n<meta property=\"og:locale\" content=\"de_DE\" \/>\n<meta property=\"og:type\" content=\"article\" \/>\n<meta property=\"og:title\" content=\"Aktuelles - Indutech GmbH\" \/>\n<meta property=\"og:description\" content=\"Aktuelle Neuigkeiten, Messedaten, Kongresse und Konferenzen mit PDF download, Veranstaltungen und neue Publikationen sowie ein Archive der Veranstaltungen.\" \/>\n<meta property=\"og:url\" content=\"https:\/\/indutech.com\/german\/aktuelles\/\" \/>\n<meta property=\"og:site_name\" content=\"Indutech deutsch\" \/>\n<meta property=\"article:modified_time\" content=\"2018-10-26T07:43:20+00:00\" \/>\n<meta name=\"twitter:label1\" value=\"Written by\">\n\t<meta name=\"twitter:data1\" value=\"indutech.com\">\n\t<meta name=\"twitter:label2\" value=\"Est. reading time\">\n\t<meta name=\"twitter:data2\" value=\"3\u00a0Minuten\">\n<script type=\"application\/ld+json\" class=\"yoast-schema-graph\">{\"@context\":\"https:\/\/schema.org\",\"@graph\":[{\"@type\":\"Organization\",\"@id\":\"https:\/\/indutech.com\/german\/#organization\",\"name\":\"InduTech instruments GmbH\",\"url\":\"https:\/\/indutech.com\/german\/\",\"sameAs\":[\"https:\/\/www.linkedin.com\/company\/indutech-gmbh\/\"],\"logo\":{\"@type\":\"ImageObject\",\"@id\":\"https:\/\/indutech.com\/german\/#logo\",\"inLanguage\":\"de\",\"url\":\"https:\/\/indutech.com\/wp-content\/uploads\/sites\/2\/2018\/10\/logo-indutech-instruments-gmbh.png\",\"width\":79,\"height\":79,\"caption\":\"InduTech instruments GmbH\"},\"image\":{\"@id\":\"https:\/\/indutech.com\/german\/#logo\"}},{\"@type\":\"WebSite\",\"@id\":\"https:\/\/indutech.com\/german\/#website\",\"url\":\"https:\/\/indutech.com\/german\/\",\"name\":\"Indutech deutsch\",\"description\":\"\",\"publisher\":{\"@id\":\"https:\/\/indutech.com\/german\/#organization\"},\"potentialAction\":[{\"@type\":\"SearchAction\",\"target\":\"https:\/\/indutech.com\/german\/?s={search_term_string}\",\"query-input\":\"required name=search_term_string\"}],\"inLanguage\":\"de\"},{\"@type\":\"WebPage\",\"@id\":\"https:\/\/indutech.com\/german\/aktuelles\/#webpage\",\"url\":\"https:\/\/indutech.com\/german\/aktuelles\/\",\"name\":\"Aktuelles - Indutech GmbH\",\"isPartOf\":{\"@id\":\"https:\/\/indutech.com\/german\/#website\"},\"datePublished\":\"2013-11-27T12:59:02+00:00\",\"dateModified\":\"2018-10-26T07:43:20+00:00\",\"description\":\"Aktuelle Neuigkeiten, Messedaten, Kongresse und Konferenzen mit PDF download, Veranstaltungen und neue Publikationen sowie ein Archive der Veranstaltungen.\",\"inLanguage\":\"de\",\"potentialAction\":[{\"@type\":\"ReadAction\",\"target\":[\"https:\/\/indutech.com\/german\/aktuelles\/\"]}]}]}<\/script>\n<!-- \/ Yoast SEO plugin. -->","_links":{"self":[{"href":"https:\/\/indutech.com\/german\/wp-json\/wp\/v2\/pages\/994"}],"collection":[{"href":"https:\/\/indutech.com\/german\/wp-json\/wp\/v2\/pages"}],"about":[{"href":"https:\/\/indutech.com\/german\/wp-json\/wp\/v2\/types\/page"}],"author":[{"embeddable":true,"href":"https:\/\/indutech.com\/german\/wp-json\/wp\/v2\/users\/1"}],"replies":[{"embeddable":true,"href":"https:\/\/indutech.com\/german\/wp-json\/wp\/v2\/comments?post=994"}],"version-history":[{"count":0,"href":"https:\/\/indutech.com\/german\/wp-json\/wp\/v2\/pages\/994\/revisions"}],"wp:attachment":[{"href":"https:\/\/indutech.com\/german\/wp-json\/wp\/v2\/media?parent=994"}],"curies":[{"name":"wp","href":"https:\/\/api.w.org\/{rel}","templated":true}]}}